est common factor of 19 and l?
19
Let u(r) = r**2 - r - 2. Let i = 3 + -4. Let h = i + -2. Let q be u(h). Calculate the greatest common factor of q and 2.
2
Let r be ((-58)/5)/((-3)/(-15)). Let s = -22 - r. What is the greatest common factor of 9 and s?
9
Let t be ((-4)/2)/(-5 + (-48)/(-10)). Calculate the greatest common divisor of t and 2.
2
Suppose 0 = -7*r + 24 + 46. Let s(d) = 3*d**2 - 2*d - 6. Let v be s(-4). Calculate the highest common factor of v and r.
10
Suppose -3*n = -2*n + 51. Let j = n + 78. Let h = 1 + j. What is the highest common factor of h and 7?
7
Suppose 75 = 8*f - 53. What is the greatest common factor of 16 and f?
16
Suppose 3*b - 1503 = 2*k, 0 = -5*b + 3*k + 2*k + 2505. Suppose b - 136 = -5*n. Let q be -4 + 1 + 2 - n. Calculate the highest common divisor of q and 9.
9
Suppose s = -2*s. Suppose 0 = -3*v + 4*l + 54, 3*v - 3*l + 0 - 51 = s. Calculate the greatest common divisor of v and 14.
14
Let i = -133 + 191. Suppose 2*n + 6 = i. What is the greatest common factor of 52 and n?
26
Let z(t) be the third derivative of -t**4/24 + 4*t**3/3 - 4*t**2. Let d be z(5). Suppose 0 = -d*k - 0*k + 96. What is the highest common divisor of 4 and k?
4
Let n = 33 - 22. What is the highest common divisor of n and 44?
11
Suppose 3*t + 9 = 6*t. Let k be t*((0 - -1) + 0). Let y(l) = -l**3 + 5*l**2 - 5*l + 2. Let z be y(k). What is the highest common factor of z and 40?
5
Let z(a) = a**2 + 6*a + 9. Let n be 1 - -6*12/(-9). Let w be z(n). What is the highest common divisor of w and 80?
16
Let a = 111 - 200. Let n = -61 - a. What is the greatest common factor of 28 and n?
28
Suppose 0*h + s + 103 = 4*h, -2*h + 5*s = -29. What is the highest common factor of h and 3?
3
Suppose 3*n - s = -142 - 148, n - 5*s = -106. Let y = n - -138. Let g = 9 - -5. Calculate the greatest common divisor of y and g.
14
Let u = 30 - 17. Calculate the greatest common factor of 13 and u.
13
Let t(a) = -3*a + 51. Let i be t(-18). What is the greatest common factor of 30 and i?
15
Suppose 10 = -3*o + 13. Let p(a) = 98*a + 57*a - 40*a. Let y be p(o). Calculate the highest common factor of 23 and y.
23
Let n = -3 - -5. Let w be (-2 + n/1)/(-2). Suppose w + 24 = 2*m. What is the greatest common divisor of 48 and m?
12
Suppose 0*g + 2*g = -2*o - 344, 4*o - 3*g + 716 = 0. Let i be o/(-6) + (-2)/(-3). Calculate the greatest common factor of i and 6.
6
Let c(u) = 4*u + 2*u - 2 + 4 - 3*u. Let g be c(2). Calculate the greatest common factor of g and 16.
8
Suppose 0 = 3*g + g - 20. Calculate the greatest common divisor of 35 and g.
5
Let l(x) = -9*x - 3. Let f be l(-6). Suppose 16*o + 34 = 18*o. What is the highest common divisor of o and f?
17
Let m = 18 - 10. Suppose m + 27 = l. Suppose -18 = -v + 5*r - 3, 5*r = 5*v - l. Calculate the highest common factor of v and 1.
1
Let n be -18 + 4/(-10)*-5. Let v be n/(-6)*1170/13. What is the greatest common divisor of v and 30?
30
Suppose 5*a - 2*j = 531, 2*a + j = 5*a - 318. What is the greatest common factor of a and 21?
21
Let k be (2 - -2)*-1*-2. Suppose -5*m + 5 = s - 21, -2*m - s = -k. Calculate the highest common factor of 4 and m.
2
Suppose -r + 69 = -5*z - 608, -4*r + 532 = -4*z. Let u = -55 - z. Calculate the highest common divisor of 9 and u.
9
Let k = 1 + 8. Calculate the greatest common divisor of 81 and k.
9
Let o(g) = -g**2 + 18*g. Let t be o(9). What is the highest common divisor of 9 and t?
9
Suppose 2*k + 14 = -0*k. Let c(n) = -n**3 - 6*n**2 + 4*n + 3. Let o be c(k). Calculate the greatest common divisor of 168 and o.
24
Let v be (7 - 2)/(1/(-4)). Let s be -1 - (-4)/((-16)/v). Calculate the highest common factor of s and 1.
1
Suppose 70 = -14*m + 15*m. Calculate the greatest common factor of m and 28.
14
Suppose 3 = -5*b - 7, 0 = 4*s - b - 66. Calculate the greatest common factor of 8 and s.
8
Let p(a) = a**2 - 2*a. Let m be p(-6). Suppose 0 = -21*u - 29 + 281. What is the highest common divisor of m and u?
12
Let u(k) = 17*k + 8. Let v be u(8). Suppose -x - x = -v. Let n = -13 + 31. Calculate the greatest common factor of x and n.
18
Suppose 0 = -4*z - 3*j + 25, z + 2 = 5*j - 9. Let o = 46 - 44. What is the highest common factor of o and z?
2
Let u(w) = -w + 198. Let p be u(0). What is the greatest common factor of 22 and p?
22
Suppose -5*c = -h - 22, 0 = -3*c - 4*h + 5*h + 14. Let s = -3 - -3. Suppose 44 = -s*d + c*d. What is the highest common factor of 44 and d?
11
Let g = -262 - -460. Let t(y) = y**3 - 3*y**2 - 5*y - 7. Let k be t(5). Calculate the greatest common factor of g and k.
18
Let x be (-4)/(-30) + (-208)/(-15). Suppose 4*h - 175 = -11. Suppose 5*s + h = 5*l + 2*s, 0 = -5*s - 10. What is the greatest common factor of l and x?
7
Let w(n) = n**3 - 4*n**2 - 2*n - 4. Let y be w(5). What is the highest common factor of y and 11?
11
Suppose -2*y = -3*y - 1, -3*m - y + 11 = 0. Let z be m/(-6)*(0 + -3). Calculate the highest common divisor of 6 and z.
2
Let l = -30 + 153. Calculate the highest common divisor of l and 82.
41
Let f(b) = -b**3 - b**2 + b + 6. Let p be f(0). Calculate the highest common divisor of p and 78.
6
Suppose -3*s = -203 + 74. Calculate the greatest common factor of 473 and s.
43
Let g(p) be the first derivative of -p**4/4 + 3*p**3 - 4*p**2 + 4*p - 1. Let o be g(8). What is the highest common divisor of o and 2?
2
Suppose 0 = -2*k + 2*n + 22, -k + 3*n = n - 12. What is the greatest common factor of k and 10?
10
Let r = 0 + 9. Let y be (r/(-6))/((-3)/26). Calculate the greatest common divisor of 104 and y.
13
Let c = -36 - -54. Calculate the highest common factor of c and 27.
9
Let b be 9/6*28/3. Let a = 26 - b. Calculate the greatest common factor of a and 132.
12
Let a(f) = -11*f - 86. Let o be a(-8). Calculate the highest common factor of o and 18.
2
Suppose -75 - 93 = -6*t. Calculate the greatest common divisor of t and 112.
28
Let x = -62 + 117. Calculate the highest common divisor of x and 22.
11
Let z = 39 - 26. Suppose -26 = -3*i + z. Let x(u) = u**3 + 3*u**2 - 3*u + 4. Let h be x(-3). What is the highest common divisor of i and h?
13
Let b(j) = j**3 + 7*j**2 - 8*j - 4. Let q be b(-8). Let d be (-1)/q + 110/8. Calculate the highest common divisor of 14 and d.
14
Let h(p) = -4*p + 10. Let i be h(-8). Suppose t + 2*t = i. Let u be 280/(-30)*3/(-2). Calculate the highest common divisor of u and t.
14
Let f = 27 + -23. Calculate the highest common divisor of 44 and f.
4
Suppose 30*r - 10 = 25*r. Suppose 0 = j + 5*w, j = -0*w + 2*w + 14. What is the greatest common factor of r and j?
2
Let g = -18 - -37. Calculate the greatest common divisor of g and 152.
19
Let j(n) = n**2 - 1. Let x(s) = -8*s**2 + s + 10. Let r(o) = -6*j(o) - x(o). Let g be r(-3). What is the highest common divisor of 119 and g?
17
Let l = 78 - -63. Calculate the highest common divisor of l and 94.
47
Suppose 4*y - k = -0*y + 31, -3*k - 9 = 0. What is the highest common divisor of y and 63?
7
Let p = 79 - 112. Let k = -21 - p. Calculate the highest common factor of k and 132.
12
Suppose 2*b - 105 = -9. Suppose r - b = -2*r. Calculate the greatest common factor of 24 and r.
8
Suppose 3*v + 247 - 667 = 0. Calculate the highest common factor of v and 20.
20
Let z = -85 + 97. Suppose -4*b = -b - 4*r - 32, 5*r = -b - 21. Suppose 2*d + 5*p = b, -2*d + p + 17 = -11. Calculate the highest common factor of z and d.
12
Suppose -6*l + 24 = -48. Calculate the highest common divisor of l and 36.
12
Suppose 0 = -4*s + s. Suppose 3*f = -z + 15, f - 5 = -s*f - 5*z. What is the greatest common factor of f and 55?
5
Suppose -4*m + 15 = m. Suppose -m*g = -v + 3*v - 45, -g + v + 10 = 0. Calculate the highest common factor of 91 and g.
13
Let s(q) = q**3 - 23*q**2 + 26*q - 48. Let p be s(22). Calculate the greatest common factor of p and 60.
20
Let k(s) = 246*s**2 + s - 2. Let w be k(1). Calculate the greatest common divisor of 35 and w.
35
Suppose 4*n - 9 = n. Suppose h - 24 = -n*h. Calculate the highest common factor of h and 9.
3
Let f(z) = -4*z + z - 12*z. Let n be f(-4). Calculate the highest common factor of n and 12.
12
Let n(g) = g**2 - 5*g + 4. Let t be n(6). Let x(m) = 11*m - 8. Let c be x(8). Calculate the highest common divisor of c and t.
10
Suppose 0*u = -5*u - 4*l + 175, -4*u + 140 = -3*l. What is the highest common div